{"id":71,"date":"2021-02-04T21:12:01","date_gmt":"2021-02-04T20:12:01","guid":{"rendered":"http:\/\/people.fberg.tuke.sk\/samov\/?page_id=71"},"modified":"2021-03-10T12:43:28","modified_gmt":"2021-03-10T11:43:28","slug":"chimo-m-timko","status":"publish","type":"page","link":"https:\/\/people.fberg.tuke.sk\/samov\/index.php\/chimo-m-timko\/","title":{"rendered":"Chimo M. Timko"},"content":{"rendered":"<p><img style=\"width: 250px; height: 305px; float: left; margin-right: 1em\" src=\"http:\/\/people.fberg.tuke.sk\/samov\/wp-content\/uploads\/2021\/02\/cimo.jpeg\" alt=\"Chimo M. Timko\"><\/p>\n<p>Chimo M. Timko sa narodil v&nbsp;roku 1828 pri meste\u010dku Kingswille v&nbsp;Ju\u017enej Karol\u00edne. Poch\u00e1dzal z&nbsp;farm\u00e1rskej rodiny. So svojimi s\u00farodencami mal spolo\u010dn\u00fa iba matku. Otec bol pris\u0165ahovalec z&nbsp;Eur\u00f3py, ktor\u00fd kr\u00e1tko po svadbe od svojej man\u017eelky u\u0161iel sp\u00e4\u0165 na star\u00fd kontinent. Jeho matka sa mu sna\u017eila da\u0165 prav\u00fa ju\u017eansk\u00fa v\u00fdchovu a&nbsp;vzdelanie gentlemana, no ako nerozv\u00e1\u017eny mlad\u00edk na to ve\u013emi nedbal. \u010casto ho bolo v\u00edda\u0165 v&nbsp;sedle ko\u0148a. Bol technicky zalo\u017een\u00fd, obdivoval r\u00f4zne stroje, najm\u00e4 ich technick\u00e9 a&nbsp;mechanick\u00e9 \u010dasti. Zbrane ho priam fascinovali a&nbsp;po\u010das svojho \u017eivota ich zop\u00e1r vystriedal. V&nbsp;istom obdob\u00ed \u017eivota ich nev\u00e1hal ani pou\u017ei\u0165.<\/p>\n<p>Ako 24 ro\u010dn\u00fd opustil rodinn\u00fa farmu a&nbsp;so svojim hned\u00e1kom spozn\u00e1val z\u00e1kutia Georgie. Aby si tieto potulky svetom mohol dovoli\u0165, musel tvrdo pracova\u0165. D\u00e1val sa naj\u00edma\u0165 na r\u00f4znych ran\u010doch \u010di farm\u00e1ch ako str\u00e1\u017eca poriadku a&nbsp;dozorca nad zbera\u010dmi bavlny a&nbsp;tabaku. V&nbsp;roku 1855 posiela na rodinn\u00fa farmu, ako od\u0161kodn\u00e9 za svoju ne\u00fa\u010das\u0165 na zve\u013ea\u010fovan\u00ed majetku, <a href=\"\" onclick=\"whitney();\">Whitneyho \u010distiaci stroj<\/a> na bavlnu. Oslobodil tak od \u0165a\u017ekej pr\u00e1ce svojich rodi\u010dov, ktor\u00fdch nadov\u0161etko miloval. Nad otrokmi Samom a&nbsp;Tomom dr\u017eal pevn\u00fa ruku aj na\u010falej brat Charles.<\/p>\n<p>V&nbsp;roku 1858 sa postupne dostal cez Georgiu a&nbsp;Tennessee a\u017e do Missouri. Napriek dohov\u00e1raniu zo stany rodiny a&nbsp;priate\u013eov, aby sa vr\u00e1til sp\u00e4\u0165 domov do Kingsville, sa rozhodol spolu so svojou milou usadi\u0165 v&nbsp;Missouri. Netu\u0161il v\u0161ak, \u017ee svoje n\u00e1deje na nov\u00fd \u017eivot pochov\u00e1 v&nbsp;za\u010d\u00ednaj\u00facom sa pekle. V&nbsp;ten de\u0148 pr\u00e1ve vych\u00e1dzal so svojou milou z&nbsp;kostola po kr\u00e1snej sv\u00e4tej om\u0161i, ke\u010f sa zrazu do mesta vr\u00fatil na ko\u0148och oddiel mu\u017eov. Boli to <a href=\"\" onclick=\"abolicionista();\">abolicionisti<\/a>. Rozp\u00fatali \u0161ialen\u00fa pa\u013ebu. Ich zbrane zbesnelo \u0161tekali, ohe\u0148 \u0161\u013eahaj\u00faci z&nbsp;ich hlavn\u00ed pripom\u00ednal v\u00fd\u0161\u013eah z&nbsp;rozz\u00farenej dra\u010dej tlamy. Vo vzduchu bolo c\u00edti\u0165 zhoren\u00fa s\u00edru a&nbsp;gu\u013eky sa odr\u00e1\u017eali od tvrd\u00fdch stien kostola. O&nbsp;mal\u00fa chv\u00ed\u013eu le\u017ealo na zemi nieko\u013eko bezvl\u00e1dnych tiel a&nbsp;medzi nimi aj jeho Cheryl. Nedok\u00e1zal zabr\u00e1ni\u0165 jej smrti a&nbsp;nedok\u00e1zal jej smr\u0165 odplati\u0165 ani jedin\u00e9mu <a href=\"\" onclick=\"jayhawker();\">Jayhawkerovi<\/a>. Zatia\u013e nie.<\/p>\n<p>Po sm\u00fatku a spam\u00e4t\u00e1van\u00ed sa, nastali pre\u0148 divn\u00e9 \u010dasy. V&nbsp;m\u00e1ji 1858 sa pridal do prootrok\u00e1rskej <a href=\"#\" onclick=\"gerila();\">gerilovej<\/a> bandy tridsiatich mu\u017eov vedenej Ch.&nbsp;Hameltonom, kde sa vyrovn\u00e1val so svojou zlou sk\u00fasenos\u0165ou v&nbsp;Missouri. <a href=\"\" onclick=\"secesia()\">Secesia<\/a> Ju\u017enej Karol\u00edny ho nadmieru pote\u0161ila a pri n\u00e1hodnom stretnut\u00ed sa s&nbsp;Williamom Andersonom (Bloody Bill) sa rozhodol skoncova\u0165 s&nbsp;dosia\u013e veden\u00fdm \u017eivotom. Ke\u010f\u017ee svoje sny o&nbsp;novom \u017eivote v&nbsp;Missouri u\u017e d\u00e1vno pochoval, u\u017e ho ni\u010d k&nbsp;tomuto miestu nep\u00fatalo.<\/p>\n<p>V&nbsp;apr\u00edli roku 1862 sa vracia do Ju\u017enej Karol\u00edny na farmu, kde sa dozved\u00e1, \u017ee jeho brat Charles pon\u00fakol svoje slu\u017eby arm\u00e1de. O&nbsp;dva mesiace nesk\u00f4r sa dal naverbova\u0165 do 1.&nbsp;Regimentu Ju\u017enej Karol\u00edny, kde Charles p\u00f4sobil u\u017e vy\u0161e roka. T\u00e1to jednotka spadala pod velenie plukovn\u00edka Johna Logana Blacka, ktor\u00e9ho dobre poznal Charlesov otec a&nbsp;ktor\u00fd sa u&nbsp;J.L.Blacka prihov\u00e1ral, aby bratia sl\u00fa\u017eili v&nbsp;tej istej rote, rote&nbsp;F.<\/p>\n","protected":false},"excerpt":{"rendered":"<p>Chimo M. Timko sa narodil v&nbsp;roku 1828 pri meste\u010dku Kingswille v&nbsp;Ju\u017enej Karol\u00edne. Poch\u00e1dzal z&nbsp;farm\u00e1rskej rodiny. So svojimi s\u00farodencami mal spolo\u010dn\u00fa iba matku. Otec bol pris\u0165ahovalec z&nbsp;Eur\u00f3py, ktor\u00fd kr\u00e1tko po svadbe od svojej man\u017eelky u\u0161iel sp\u00e4\u0165 na star\u00fd kontinent. Jeho matka sa mu sna\u017eila da\u0165 prav\u00fa ju\u017eansk\u00fa v\u00fdchovu a&nbsp;vzdelanie gentlemana, no ako nerozv\u00e1\u017eny mlad\u00edk na to&hellip; <a class=\"more-link\" href=\"https:\/\/people.fberg.tuke.sk\/samov\/index.php\/chimo-m-timko\/\">Continue reading <span class=\"screen-reader-text\">Chimo M. Timko<\/span><\/a><\/p>\n","protected":false},"author":1,"featured_media":0,"parent":0,"menu_order":0,"comment_status":"closed","ping_status":"closed","template":"","meta":{"ngg_post_thumbnail":0},"_links":{"self":[{"href":"https:\/\/people.fberg.tuke.sk\/samov\/index.php\/wp-json\/wp\/v2\/pages\/71"}],"collection":[{"href":"https:\/\/people.fberg.tuke.sk\/samov\/index.php\/wp-json\/wp\/v2\/pages"}],"about":[{"href":"https:\/\/people.fberg.tuke.sk\/samov\/index.php\/wp-json\/wp\/v2\/types\/page"}],"author":[{"embeddable":true,"href":"https:\/\/people.fberg.tuke.sk\/samov\/index.php\/wp-json\/wp\/v2\/users\/1"}],"replies":[{"embeddable":true,"href":"https:\/\/people.fberg.tuke.sk\/samov\/index.php\/wp-json\/wp\/v2\/comments?post=71"}],"version-history":[{"count":18,"href":"https:\/\/people.fberg.tuke.sk\/samov\/index.php\/wp-json\/wp\/v2\/pages\/71\/revisions"}],"predecessor-version":[{"id":2095,"href":"https:\/\/people.fberg.tuke.sk\/samov\/index.php\/wp-json\/wp\/v2\/pages\/71\/revisions\/2095"}],"wp:attachment":[{"href":"https:\/\/people.fberg.tuke.sk\/samov\/index.php\/wp-json\/wp\/v2\/media?parent=71"}],"curies":[{"name":"wp","href":"https:\/\/api.w.org\/{rel}","templated":true}]}}